 Let a(f) = f**3 + f**2. Let o(g) = q*a(g) + s(g). Determine o(-1).
2
Let u(x) = 3*x**3 + 2*x**2 + 2*x + 1. Let f be u(-1). Let a be (0 - 2*-1) + f. Suppose a = -2*y - 2. Let c(h) = 6*h**3. What is c(y)?
-6
Let d(y) = -5*y**2 + 10*y - 3. Let m(o) = -o**2 + o - 1. Let h(w) = -d(w) + 4*m(w). Give h(5).
-6
Let a(s) = s**2 + s + 7. Let b(w) = -w**2 - w - 6. Let x(m) = -4*a(m) - 5*b(m). Determine x(-2).
4
Suppose 169*n + 35 = 174*n. Let s(t) = t**2 - 5*t - 10. What is s(n)?
4
Let w(i) = -2*i + 1. Suppose -29 = 5*r - 9. Calculate w(r).
9
Let z(p) be the first derivative of 4*p**3/3 - p**2/2 + 9. Give z(-1).
5
Let s(k) = -k - 9. Let o = -32 - -27. Determine s(o).
-4
Let w(c) be the third derivative of c**6/120 - c**5/12 + 5*c**4/24 + 8*c**2. Give w(4).
4
Let v be (-9)/(36/(-16)) + 2. Let d(h) = h**2 - 6*h - 4. Calculate d(v).
-4
Let s(n) = n + 2. Let i = 4 + -3. Suppose 0 = 4*h - 21 + i, -5*r - 5 = 3*h. What is s(r)?
-2
Let l = -2 + 6. Let p = 2 + 0. Let m(j) = -6*j**2 + j**3 + p*j**2 - 4 + 9. Calculate m(l).
5
Let t(l) = -l - 12. Let n be (-20)/(-25) - (-49)/(-5). What is t(n)?
-3
Let b(s) = -5*s**2 - 2*s + 1. Let h be (8/(-12))/((-6)/9). Calculate b(h).
-6
Suppose 0 = 7*l - 3*l - 12. Let a(v) = 3*v - 1. Determine a(l).
8
Let j be -9*-2*3/18. Let y(x) = 3*x**3 + 2*x**2 + 2. Let q(v) = 7*v**3 + 4*v**2 + 4. Let u(l) = 4*q(l) - 9*y(l). Determine u(j).
7
Let i(y) = -y**3 - 6*y**2 + 7*y - 4. Let p be 24/(-4) - (-1 + 2). Calculate i(p).
-4
Let l(h) = -4*h**2 - 3*h - 16. Let u(o) = o**3 - 3*o**2 - 2*o + 1. Let m be u(3). Let q(t) = 3*t**2 + 2*t + 11. Let j(w) = m*l(w) - 7*q(w). What is j(3)?
-3
Let y(f) = f**2 + f. Let d be y(-2). Let c be -1*(-1)/(-2)*d. Let a(t) be the third derivative of t**5/15 + 267*t**2. Give a(c).
4
Let v(x) be the third derivative of x**5/40 + x**4/12 - 3*x**3/2 + 3*x**2. Let a(s) be the first derivative of v(s). Calculate a(3).
11
Let z(r) be the second derivative of -r**3/6 - 2*r**2 - 34*r. What is z(-4)?
0
Let x be (8 + -7)*(0 - (-1 + 1)). Let p(o) = -o**3 - o**2 - o - 1. Calculate p(x).
-1
Suppose -5*p + 1 = -f, -5*p = -f + 4*f + 3. Let z(n) = n**2 - 1. Determine z(p).
-1
Let j(i) = -i**2 + 6*i - 1. Let r = 176 + -170. What is j(r)?
-1
Let o(a) = a**3 - 6*a**2 + 5*a + 2. Let k be o(5). Let s(d) = 3*d - 8*d + d**3 + 4*d**2 - 6 - k*d. Determine s(-5).
4
Let i(o) = o**2 - o - 1. Let f(b) = 5*b**2 - 15*b - 13. Let k(t) = -f(t) + 6*i(t). What is k(-9)?
7
Suppose 2*f - 2*l = 0, 8 - 2 = 3*l. Let s(r) = -6*r**f + 10*r**2 + r**2 - 6*r**2 - 1. Calculate s(1).
-2
Suppose -3*f = -k + 8, 0 = 3*f - 3*k - k + 23. Let m(t) = 5*t**3 + 6*t**2 + 5*t + 3. Let s(z) = z**3 + 1. Let l(n) = f*m(n) + 4*s(n). Give l(-4).
-11
Let p(g) = -g**3 + 5*g**2 - 5*g + 4. Let c be (7 + -4)/((-6)/(-8)). What is p(c)?
0
Suppose 1 = -3*t - 14. Let c(p) = 2 + p + p - p. What is c(t)?
-3
Let n(o) = -o**3 - 9*o**2 - 13*o + 7. Let y(h) = -6*h**3 - 45*h**2 - 66*h + 34. Let z(q) = 11*n(q) - 2*y(q). Let u be z(10). Let b(d) = d + 1. Give b(u).
0
Let d(u) = -3*u**3 - 12*u**2 + 5. Let a(i) = 2*i**3 + 8*i**2 - 3. Let j(c) = -7*a(c) - 5*d(c). What is j(-3)?
5
Let h(w) = -w**2 - 2*w - 1. Let f = -3 + 7. Suppose f*r - 2*r = -4. Give h(r).
-1
Let d = 88 + -89. Let k(j) = -9*j**3 + j**2 - 1. What is k(d)?
9
Let u(z) = z**2 + 3*z + 3. Let s(r) = 3*r**2 + 5*r + 7. Let c(h) = 2*s(h) - 5*u(h). Determine c(6).
5
Let p(w) be the second derivative of -w**5/20 + w**4/3 - w**3/3 + w**2 - 20*w - 2. Let q be ((-6)/10)/(2/(-10)). Give p(q).
5
Let h(m) be the second derivative of -1/10*m**5 - 1/2*m**2 + 0 + 1/6*m**4 - 3*m + 0*m**3. Give h(2).
-9
Let q(j) = j - 3. Let v(f) = -2*f**2 - 25*f - 4. Let t be v(-12). What is q(t)?
5
Suppose 3*p + 16 = 7*p. Let h(q) = p*q**2 + 0 - 5*q**2 - 1 + 0 + 6*q. Suppose -3*z - 24 = -5*r + 7, -8 = -2*r - z. Give h(r).
4
Suppose -5*c + 4*b - 2*b = 21, 3*c + 7 = 4*b. Let i(a) = a**3 + 6*a**2 + 4*a - 5. Let s be i(c). Suppose 5*z + 3 + 2 = s. Let h(v) = -3*v**2. Calculate h(z).
-3
Let p(k) = 4*k**3 + k**2 - 1. Let u = 4 + 1. Let g = 9 - u. Suppose 0 = -g*v + 3 + 1. What is p(v)?
4
Let f = -50 + 53. Let p(w) be the second derivative of -w**5/20 + w**4/4 - w**3/2 + w**2 + w. Give p(f).
-7
Let n(d) = 12 - 2 - 4*d + 5*d. Calculate n(-6).
4
Let n(o) be the second derivative of 0*o**2 + 3*o + 0 + 1/6*o**3. Give n(-5).
-5
Let w = 1 - 1. Let i(d) = -4*d + 7. Let o(r) = -r. Let q(f) = -i(f) + 5*o(f). What is q(w)?
-7
Let r(v) = 2 + 7*v**2 + 10*v**3 - 5*v**3 + 5*v - 4*v**3. Give r(-6).
8
Let n(v) = 6*v**3 - 2*v + 1. Let j be n(1). Let k(h) = 5*h - 3*h + 2*h - h + 3. Let u(p) = p + 1. Let c(g) = 4*k(g) - 11*u(g). Give c(j).
6
Let c be -1 + -2*(-3)/3. Let h(k) = -2*k + 1 + 4*k**3 + 6*k**2 - 5 - 5*k**2 + 5. Determine h(c).
4
Let i be ((-32)/48)/(2/(-15)). Let u(b) = -b**2 + 3*b + b + 0*b**2 + 1. What is u(i)?
-4
Let u(p) = p**3 + 5*p**2 - p - 1. Suppose 18 = 2*b - 2. Suppose 5*k + 40 = -3*m, -4*k + b = 3*m - 9*k. Determine u(m).
4
Suppose 0 = -7*v + 3*v + 16. Let r(c) = -v*c**2 + 0*c**2 - 1 - c**2 - c. Calculate r(-1).
-5
Let d(k) = -2 - 3*k**2 + 2*k**2 + 3 + 3 - 7 + 6*k. Let h(j) = j**2 + 6*j + 6. Let n(t) = -7*t + 1. Let r be n(1). Let u be h(r). What is d(u)?
-3
Suppose 24 = -4*j - 5*q, -3*q - q = 5*j + 21. Let o be (2 - (1 + 4))*j. Let t(b) = -3 + b - 3*b - o*b**2 - 2*b**3 + 1 + b. Calculate t(-2).
4
Suppose -3*r + 4*r = 5*o + 15, 3*r - 23 = 4*o. Let x(b) = -2*b + 2*b - r + b. Calculate x(5).
0
Let o be (-80)/(-13) - (-14)/(-91). Let i(n) = -n + 13. Determine i(o).
7
Let s(l) = -l + l**2 + 4*l - 3 + 0*l**2 - 2. Let b(w) = -5*w**2 + w**3 + w + w + 1 - 3*w. Let n be b(5). What is s(n)?
-1
Let z(k) = k**2 - 10. Let b(c) = -3*c - 9. Let y be b(-7). Suppose f + 2*f = -4*m + y, -2*m + 6 = f. What is z(f)?
-10
Let g(u) = u - 1. Let p be ((-22)/8)/((-5)/20). Let i = p - -27. Suppose 0 = 4*d, 5*y + 13 = -4*d + i. Calculate g(y).
4
Let y = 8 + -11. Let n be 1*(y + -3)/(-1). Let h(f) be the first derivative of -f**3/3 + 5*f**2/2 + 6*f - 2. What is h(n)?
0
Let f(o) = o**3 + 5*o**2 - 3. Let j be 15/(-6)*(-4)/(-2). Let q be f(j). Let v(x) = -x**2 - x + 2. Determine v(q).
-4
Let p = 5 + -2. Suppose 5*m = 5*w, 4 = -p*m - 3*w + 8*w. Let y(t) = 2 + 1 + t**2 + 2*t**2 - m*t + 0*t**2. Determine y(2).
11
Let z(h) be the first derivative of 2*h**3/3 - 3*h**2 - 3*h + 8. Determine z(5).
17
Let v(d) = -4*d**2 + 8*d. Let b(y) = -y**2 + y. Let h(k) = -5*b(k) + v(k). Let a = -6 + -6. Let u be (-4 + 0)*a/(-16). What is h(u)?
0
Let c(x) = -1 - 267*x + 268*x + 3. What is c(-7)?
-5
Let r(j) be the third derivative of -j**5/60 - j**4/12 + j**3/2 - j**2. Suppose 0 = 2*n + 2*f + 26, -3*f + 5 = -2*n + 4. Let s = 5 + n. Calculate r(s).
0
Let u = 10 + -22. Let z = -9 - u. Let h(p) = -p. Give h(z).
-3
Let w(s) = s + 1. Let o(k) = 5*k + 8. Let n(y) = o(y) - 6*w(y). Suppose -3*b = -5*z, 5*z - 6*z = -b. Determine n(z).
2
Let w be -2 - 1*(-5 + 2). Let h(y) = -y + 1. Let j(m) = -m + 4. Let a(q) = w*j(q) - 3*h(q). Calculate a(2).
5
Let q(f) be the second derivative of f**4/12 + f**3/2 - 5*f**2/2 + f. Calculate q(-4).
-1
Let r = 16 - 2. Let b be (-46)/r + (-6)/(-21). Let t(f) be the third derivative of -f**4/24 + f**3/3 + f**2. Determine t(b).
5
Let j(z) be the second derivative of z**4/12 + z**3/3 - z**2/2 + 7*z. What is j(-3)?
2
Let v(g) = 2 - 2*g - g - g**2 + 5*g. Let h(s) = s + 27. Let a be h(-22). Give v(a).
-13
Let i be 2/2 + 2 + -5. Let a be (i/3)/((-8)/60). Let x(w) = w - 4. Determine x(a).
1
Suppose 0 = q + 3*a + 4, 0 = 5*q + 4*a + a + 30. Let u(d) = -35*d - 28. Let l(b) = -13*b - 10. Let c(n) = -8*l(n) + 3*u(n). What is c(q)?
3
Let g be 6/20*-2 + 6/(-15). Let d(u) = -13*u**2 - 1. Determine d(g).
-14
Let r(j) = -4*j - 1. Suppose x + 3 - 4 = 0. Calculate r(x).
-5
Let f(s) be the second derivative of -s**4/12 + s**3 - 3*s**2 + 2*s. Suppose 0 = 2*j - 3*j + 5*b + 21, j + b = 3. Give f(j).
-6
Let y(c) = c**2 + c - 3. Let w = -3 - -6. Let p = 6 - w. Give y(p).
9
Let k = -11 + 12. Let i(c) = 5*c - c**2 + 2*c**2 - 2 - 4 - k. What is i(-6)?
-1
Let h(y) = -12*y. Let g(m) = m. Let c(r) = -15*g(r) - h(r). Let b be 4/(-14) + 103/(-7). Let f be (-1)/3 + 25/b. Determine c(f).
6
Let t = -10 + 3. Let i(c) = c + 7. Give i(t).
0
Suppose -5*q = -10*q. Let v(x) = -2*x**3 - 4. Let g(n) = n**3 + 3. Let f(r) = 3*g(r) + 2*v(r). Giv